-39 - -36. List the prime factors of n(f).
2, 23
Suppose 3*k + 1 + 2 = 0. Let b be (k/(-2))/((-6)/(-36)). Suppose -5*c - 2*r = -20, 0*c + 3*c - b*r = 33. List the prime factors of c.
2, 3
What are the prime factors of 1561*(-8)/18*18/(-28)?
2, 223
Let x(r) = -r - 1. Let t(i) = -2*i + 21. Let d(o) = t(o) - 4*x(o). List the prime factors of d(14).
53
Let r(b) = 91*b**3 + 3*b**2 - 11*b + 11. List the prime factors of r(3).
2, 1231
Suppose 5*a - 6 = 4. Suppose 4*f = -4*v + 36, 0 = a*f + 5*v - 9 - 21. Suppose -n + 3*g + 45 = 5, 5*n = -f*g + 100. List the prime factors of n.
5
Let n be -4*((-28)/(-16) + 2). Let b = n - -5. List the prime factors of (64/10)/((-2)/b).
2
Let d(j) be the first derivative of -7*j - 1 + 1/3*j**3 - 3/2*j**2. List the prime factors of d(5).
3
Let a(g) = -5*g - 8. Let f be a(-2). Suppose 0 = -2*b + 11 + 17. Let x = b - f. List the prime factors of x.
2, 3
Suppose 0 = 3*b + 3*z - 825, 4*z + 290 = -3*b + 4*b. What are the prime factors of b?
2, 139
Let k(q) = -6*q - 1. Let v = 9 - 12. Let j be k(v). Let u = j + -9. List the prime factors of u.
2
Let n = -2 - -6. Suppose n*d = 16 - 0. Suppose h + 3*s = 4*s + 7, -2*s = d. What are the prime factors of h?
5
Let h(k) = 2*k**2 + 8*k + 3. Let j be h(-7). Suppose j - 11 = m. Let i = m + -14. List the prime factors of i.
2, 5
Suppose 0 = 5*z - m - 1196, -9*z + 8*z - 4*m + 235 = 0. List the prime factors of z.
239
Let b(r) = 37*r + 12. Let n be b(2). Let m = n - -10. What are the prime factors of m?
2, 3
Suppose -84 = -3*s + s. What are the prime factors of ((-3)/2)/(s/(-140))?
5
Let s(c) be the second derivative of -c**5/20 + 7*c**4/12 - c**3/6 + 4*c**2 - 8*c. Let t be s(4). Suppose t = 4*z - 2*z. List the prime factors of z.
2, 13
Suppose 5*o = 2*u + 69, -5*o - u = -72 - 6. Let q = 61 - o. Suppose 5*v - q = 24. List the prime factors of v.
2, 7
Suppose 3*s + 8 = 23. Suppose -3 = -s*k + 4*v, -4*k - 2 = -3*v - 5. Suppose k*a - 9*a = -180. What are the prime factors of a?
2, 3, 5
Suppose -m + 36 - 3 = 0. Let f = m + -27. What are the prime factors of f?
2, 3
Let w(z) = 259*z**2 - 11*z - 2. List the prime factors of w(-2).
2, 3, 11
Let x = 30 - 43. Let i = 16 + x. Suppose i*g + g - 20 = 0. List the prime factors of g.
5
Let f(x) = 3*x**2 - 5*x - 8. Let t be ((-4)/6)/((-14)/147). Suppose 2*j - 1 - t = 3*d, 2 = -3*d + 5*j. What are the prime factors of f(d)?
2, 3, 5
Suppose 0 = -9*h + 21 - 3. List the prime factors of 2*h/((-8)/(-130)).
5, 13
Let w(o) = -o**3 + 6*o**2 - 7*o + 6. Suppose 11 = 5*k - 14. Let u be w(k). Let m = 7 + u. List the prime factors of m.
3
What are the prime factors of (-10)/155 - 641724/(-372)?
3, 5, 23
Let f(s) = s - 24. Let l be f(23). Let t(w) = -250*w**3 + w**2 + w + 1. List the prime factors of t(l).
251
Let p(c) = -19*c + 11 - 1 + 0*c - c**2. Suppose -u = -5*u - 64. What are the prime factors of p(u)?
2, 29
Let o = -827 + 1387. What are the prime factors of o?
2, 5, 7
Let s = -76 + 818. List the prime factors of s.
2, 7, 53
Let g = 10 + -4. List the prime factors of 124*(g/4 - 1).
2, 31
Let c be (-63)/(-12)*(-4)/(-3). Let b(v) = 25*v - 6. What are the prime factors of b(c)?
13
Let q = -68 - -500. What are the prime factors of q?
2, 3
Let k be 1501/209 - 4/22. Let x(f) = 5*f**2 + 7*f - 1. List the prime factors of x(k).
293
Let r = -202 - -239. List the prime factors of r.
37
Let b = -11 + 11. Suppose -4*s + 35 + 49 = b. Let k = s + -13. What are the prime factors of k?
2
Suppose 0 = -21*p + 24*p - 117. Suppose -3*g + 73 = -4*t, -5*t + 3*g - 12 = 80. Let v = p + t. List the prime factors of v.
2, 5
Suppose 4*p - 33 = 95. Let r = 64 - p. List the prime factors of r.
2
Suppose d + 3*m = -152 - 132, 4*d + 1102 = 5*m. Let t = 414 + d. List the prime factors of t.
2, 17
What are the prime factors of (-4)/2 + 3726*(-5)/(-10)?
1861
Let y(v) = 5*v**2 - 5*v + 38. What are the prime factors of y(13)?
2, 409
Let m be ((-6)/2)/((-3)/2). Suppose -f - 2*v = -35, 7*v - 2*v - 71 = -m*f. List the prime factors of f.
3, 11
Let i = 3 + 41. Suppose -y + 21 = 4*n, -3*n - 4*y + 18 = 2*n. Suppose g = -2*w + i, -5*g + 195 = -w + n*w. What are the prime factors of g?
2, 17
Let i(o) = 1954*o**3 + 8*o**2 - 8*o + 1. What are the prime factors of i(1)?
5, 17, 23
Let v = 137 - 57. Let n = 205 - v. List the prime factors of n.
5
Let l(d) = 35 + d + 2*d**2 - 20 - 18. Let v be l(-2). Let g(m) = m**3 - 3*m**2 - m + 7. What are the prime factors of g(v)?
2
Let g be -1*142/(-4)*2. Let l be 300/70 + (0 - (-2)/(-7)). Suppose 3*t - l = g. What are the prime factors of t?
5
Let r = -295 - -294. Let i(b) = b**2 + 5*b. Let j be i(-5). List the prime factors of (r - -1) + (j - -9).
3
Suppose -5*g + 15422 = h, 506 = g - 5*h - 2568. List the prime factors of g.
2, 3, 257
Let f(b) = -54*b - 60. List the prime factors of f(-8).
2, 3, 31
Let x = -258 - -69. Let b = x + 360. What are the prime factors of 14/56 + b/4?
43
Suppose 0 = -5*u + 20, 0 = 5*a - 8*u + 5*u + 17. List the prime factors of (1 - (3 + -1))/a*99.
3, 11
Let j = -38 - -41. Suppose 3*h - j = 27. What are the prime factors of h?
2, 5
List the prime factors of 189/504 + 0 + 14362/16.
2, 449
Let y(j) = 9 + 0*j - 2*j - 2*j + 6*j. Let u be y(-14). Let r = 25 + u. What are the prime factors of r?
2, 3
Let p be (-2)/7 - (-7570)/35. Suppose -p = -0*o - 3*o. List the prime factors of o.
2, 3
Let q = 40 - -5. List the prime factors of q.
3, 5
Suppose 97 = 4*s - 3*s. Suppose 4*m - s = -h + 6*h, -63 = 3*h - 4*m. What are the prime factors of 5/((-5)/h)*1?
17
Let n = 45 - 28. Let o = -12 + n. Suppose 25 = -o*s + 6*s. List the prime factors of s.
5
Let t(i) = i - 9. Let p be t(5). Suppose 2*a + 3*a = 0. What are the prime factors of 24 + (-2 - p) + a?
2, 13
Let t = 891 + 533. List the prime factors of t.
2, 89
Suppose -3*k + 1572 = 3*s, -3*s = -2*k - 2*k - 1593. What are the prime factors of s?
17, 31
Let c(g) = 0*g - 57 + 47 - 22*g. What are the prime factors of c(-10)?
2, 3, 5, 7
What are the prime factors of (13/(-2))/((-45)/11790)?
13, 131
Let j = 76 - 12. What are the prime factors of j?
2
Let h(u) = 2*u + 382. List the prime factors of h(-13).
2, 89
Suppose 22*i + 3796 = 26*i. List the prime factors of i.
13, 73
Suppose -4*a = -u - 20, -3*a = -2*u - 10 - 10. Let i be -177*((-4)/(-6))/(-2). Suppose 5*l + 4*y = i, 5*l - y - 63 = -a*y. List the prime factors of l.
3, 5
Let k = 115 + -66. Let i = k - -4. What are the prime factors of i?
53
Let p(m) = 5 - 4*m + 2*m + m**2 + 3*m + 12. Let a be p(0). Suppose -19 = -4*b + a. List the prime factors of b.
3
Let x(q) be the second derivative of -3*q**5/5 + q**4/12 - q**3/6 + q**2 - 2*q. Let g be x(2). Let y = g + 160. What are the prime factors of y?
2, 17
Let n(l) = -189*l**3 - 17*l - 33. List the prime factors of n(-2).
17, 89
Let r(x) = x**2 + 15*x - 29. Let j be r(-17). Suppose -428 = -j*w - 5*v - 63, -2*v = -8. List the prime factors of w.
3, 23
Suppose -2*v = -4*v + 10. Suppose -3*y = -v*a - 62, y + a - 16 = 18. List the prime factors of y.
29
Let j(c) = 11*c - 5. Suppose 5*w = -4*u - 169, -u + 0*u - 166 = 5*w. Let o = -28 - w. What are the prime factors of j(o)?
2, 5
Suppose b = 9*b - 1056. What are the prime factors of b?
2, 3, 11
Suppose 423*k = 424*k - 519. What are the prime factors of k?
3, 173
Let r(x) = 9*x**2 - x - 1. What are the prime factors of r(-5)?
229
Let j(y) = y + 21. Let u be j(-16). Suppose -3*i - t + 235 = -128, -u*i - 4*t = -605. List the prime factors of i.
11
Let o(h) = -h**3 + 5*h**2 + 9*h - 12. Let m(p) = 3*p + 20. Let n be m(-8). Let r be (n + -21)*(-1)/5. List the prime factors of o(r).
3, 11
Suppose 618*m - 597*m - 8820 = 0. What are the prime factors of m?
2, 3, 5, 7
List the prime factors of 60/(-8)*1036/(-21).
2, 5, 37
Suppose 3*f = 3*d, -2*d - 4*f + 9 = 3*d. Let r be 30/5 - 2/d. Let n = r + 12. List the prime factors of n.
2
Let m = 8 + -8. Suppose 38 = l + 5*d - 29, d - 2 = m. List the prime factors of l.
3, 19
Suppose -3*a - 1 = -16. Let g(z) = -z**2 + 7*z - 5. Let o be g(a). Suppose -o*s = -3*s - 12. What are the prime factors of s?
2, 3
Let p = -23 + 17. Let g = p - -11. Suppose -g*w - s = -w - 147, 172 = 4*w - 4*s. What are the prime factors of w?
2, 19
What are the prime factors of (0 - -49)/(53/1590)?
2, 3, 5, 7
Let v be 3/((-3)/(-10)) - 2. Suppose v*b - 6*b - 26 